t y(g) = 2*g**3 - 4 - 3*g**3 - 31*g**2 + a*g**2. Determine y(6).
-4
Let x(y) be the third derivative of 0 - 136*y**2 + 1/60*y**5 + 7/6*y**3 + 0*y + 5/12*y**4. Give x(-9).
-2
Let q(n) = -209*n + 13. Let m(f) = 278*f - 15. Let h(g) = 3*m(g) + 4*q(g). Suppose 3*d = -13 - 2. Calculate h(d).
17
Let p(q) = 4*q**2 + 123*q - 3*q**2 - 245*q + 125*q - 13 - 7. Determine p(3).
-2
Suppose -144 = -37*b + 41. Suppose 2*n = -l + 3*n + b, -2*l + 15 = 3*n. Let w(z) = -2*z + 11. Calculate w(l).
-1
Let u(b) be the first derivative of 169 + 2*b + 9/2*b**2. Determine u(2).
20
Let w(f) = 756 - 16*f**2 - 355 - 393 + 8*f. Determine w(-1).
-16
Let y(n) = -4*n - 31. Let v(r) = 5*r + 31. Let s(d) = -6*v(d) - 5*y(d). Let g be s(-3). Let z(j) be the first derivative of 6*j**2 + j - 4. What is z(g)?
-11
Let s(k) = -31*k + 14 + 18*k - 21 + 14*k. Give s(-17).
-24
Let r(y) = -186 - 5*y + 27*y**2 - 26*y**2 + 177. What is r(-2)?
5
Let d(b) = 50*b + 46. Let q(w) = 24*w + 21. Let l(t) = -4*d(t) + 9*q(t). Calculate l(-2).
-27
Let t(a) = -8*a**3 + 3*a**2 + 3*a - 5. Let o(p) = -5*p**3 + p**2 + p - 2. Let r(m) = 5*o(m) - 2*t(m). Let g = -134 - -133. Determine r(g).
9
Let d(x) = -x**3 + 12*x**2 + 20*x - 8. Let h(l) = l**3 - 13*l**2 - 22*l + 9. Let n(c) = 7*d(c) + 6*h(c). Let q = 16 - 9. Determine n(q).
5
Let i(n) = -n**3 - 24*n**2 - 82*n - 36. Let g be i(-20). Let s(b) = b**2 + b - 20. Determine s(g).
0
Suppose 3*w + 3*j + j = 1, 5*w = -5*j + 5. Let a(d) = 0 + 6*d**2 - 92*d + 0*d**2 + 93*d - 4 + d**w. What is a(-6)?
-10
Let w(f) = -f + 16. Let k be w(0). Let i(g) = -g**2 + 2 + k - 2*g**3 + g**3 - g. Suppose 9*l = 8*l. Determine i(l).
18
Let t(c) = 5 - c**2 - 3 + 7 - 8*c. Let n(i) = i**2 + 7*i + 12. Let h be n(-6). Let p be (-46)/h + (6 - 80/15). What is t(p)?
16
Let j(n) = n**2 + 5*n + 4. Suppose -2*l + 5*r - 19 = 0, -9*r + 62 = -4*l - 7*r. Suppose f + 2*f + 63 = 0. Let b = f - l. Calculate j(b).
0
Let m(g) = -g**2 - 21*g + 53. Let u be m(-23). Let a(o) = o**3 - 9*o**2 + 9*o + 3. Determine a(u).
-32
Let h(b) = -b**3 - 6*b**2 - b + 8. Let n(l) = 3*l - 32. Let y be n(12). Suppose -3*s + 5 = -y. Suppose s*g + 4*g = -42. What is h(g)?
14
Let q = 300 + -298. Let w(i) = i**2 + 6. Let r(m) = 2*m**2 + 13. Let v(z) = 6*r(z) - 13*w(z). Determine v(q).
-4
Let i(b) = 3*b - 2. Let w(k) = 2*k**3 - 12*k**2 + 3*k - 3. Let c be w(6). Suppose h - 9 = -4*h + j, 0 = -5*h - 5*j + c. Suppose h = -6*g - 16. Give i(g).
-11
Let x be (8/2 - -11) + -16 + 10 + -8. Let d(b) be the first derivative of b**3 + b**2 - b - 1. Give d(x).
4
Let f(h) = -4*h**2 + 31*h + 6. Suppose -53*b + 645 = 29*b - 11. Determine f(b).
-2
Let u(w) = w**2 - 16*w + 4. Let n be 15/(135/36) - -8. Give u(n).
-44
Let j(l) = l + 8. Let o(n) = 3*n**3 - 4*n**2 + 6*n - 1. Let v be o(3). Let d = -43 + v. Let u = -25 + d. What is j(u)?
2
Let q(f) = -31*f**2 - 7*f + 10. Let y(x) = x**2 - 2*x + 2. Let t(p) = -q(p) + 4*y(p). Calculate t(-1).
34
Let k(i) = i**3 - 5*i**2 + i + 2. Let o be (-3)/(-1) + ((-3)/(-1) - 59). Suppose 0 = -2*u - 82 - 20. Let d = u - o. Calculate k(d).
-8
Let z(d) = d**2 - 6*d. Let n be z(-3). Suppose -n + 10 = -17*p. Let y(s) = -27*s**2 - 2*s + 1. Give y(p).
-28
Let g(p) = 9*p - 4 + 7 + 4 - p**2. Suppose -16*y + 1654 = 1542. Determine g(y).
21
Let p(i) be the second derivative of i**4/12 - 7*i**3/6 + 3*i**2 + 4*i - 2. Let d(t) = -6*t**3 - t**2 + 2*t + 2. Let k be d(-1). Give p(k).
-4
Let v(j) = 21*j**3 - 17*j**2 + 52*j + 7. Let b(x) = -13*x**3 + 12*x**2 - 34*x - 5. Let c(a) = -8*b(a) - 5*v(a). Give c(-12).
5
Let y(i) = 14815*i - 29632*i + 4 + 14818*i. Suppose -b - 4*g - 28 = -3*b, -4*b + 5*g = -41. Calculate y(b).
8
Let z = 6530 - 6528. Let j(c) be the third derivative of 1/3*c**3 + 0 + 1/24*c**4 + 0*c + 17*c**z. Determine j(-5).
-3
Suppose -27 = -7*w - 24*w + 97. Let a(z) = -2*z**2 - 5*z + 52. Calculate a(w).
0
Let r(n) be the first derivative of -n**2/2 + 11*n - 129. Suppose -2*v + 37 = 5*a, -3*a - v + 24 - 1 = 0. Determine r(a).
2
Let q be 2/(-8) + 27/(-4). Suppose 6*h = -6*h + 648. Let j(a) = 5*a + h - 59 - 8*a. Calculate j(q).
16
Let f(v) = -v**3 - v**2 + 4*v + 4. Let i(p) = -p**3 + 10*p**2 - 22*p - 7. Let l be i(6). Suppose 2*u = 1 - l. Determine f(u).
0
Let g(z) = 313*z - 23. Let k(c) = -549*c + 45. Let y(h) = -7*g(h) - 4*k(h). Give y(3).
-4
Let v(i) = -i**2 + 5*i + 5. Suppose -4*o + 22 = -2*c, 6 = 2*c + 4. Determine v(o).
-1
Let z be ((-2)/5)/((-2)/6 - (-385)/1650). Let w(a) = -7*a + 15. Calculate w(z).
-13
Let g(z) = 75*z**2 - 2*z + 7. Let j(o) = 189*o**2 - 3*o + 15. Let n(i) = -5*g(i) + 2*j(i). Determine n(-2).
-1
Let g(t) be the second derivative of -19*t**3/3 + 93*t**2 + 1949*t - 1. Determine g(5).
-4
Let p(t) be the third derivative of t**5/60 - 5*t**4/6 + 41*t**3/3 + 768*t**2. Determine p(13).
-9
Let r(o) = o**3 + 3*o**2 - 9*o + 5. Let s(m) = -m**3 - 13*m**2 - 55*m - 521. Let t be s(-12). What is r(t)?
0
Let k be 30*(-21)/(-140)*4. Let j(x) = -7*x + 127. What is j(k)?
1
Let y(f) = 5*f - 16. Let q(v) = -v + 1. Let h(s) = 2*q(s) - 2*y(s). What is h(-4)?
82
Let w(i) = -249*i + 66. Let x(o) = -36*o + 9. Let u(c) = -2*w(c) + 15*x(c). Determine u(2).
-81
Let x be 1056/(-212) - 396/20988. Let b(h) = 7*h - 7. Let f(v) = 2*v - 2. Let g(a) = -6*b(a) + 22*f(a). What is g(x)?
-12
Let z(b) = -10*b - 128. Let q be z(-23). Let y = 50 - -58. Let x = q - y. Let m(n) = n**3 + 7*n**2 + 5*n - 7. What is m(x)?
-1
Let r(c) = c**3 + 623*c + 3 - c**2 + 597*c - 1221*c. What is r(3)?
18
Let g(k) = -290*k + 7*k**2 + 3269095 + 45*k - 3269086. Calculate g(35).
9
Let v be 3/(15/(-25)*1). Let z(n) = -4*n - 7. Let x(p) = 9*p + 15. Let m(i) = 2*x(i) + 5*z(i). Calculate m(v).
5
Let c(g) be the first derivative of -g**4 - 5*g**3 + 4*g**2 + 10*g - 131. Let y(v) = 5*v**3 + 16*v**2 - 8*v - 11. Let x(z) = 6*c(z) + 5*y(z). Give x(9).
-4
Let j be (-4)/(-6) - 1/(-3)*4. Let z(r) = 5 + 124*r**j + r - 122*r**2 - r**3 + 2. Determine z(3).
1
Let s(q) = -2*q + 3. Let a(x) = x**2 + 22*x. Suppose 4*l + 75 + 13 = 0. Let p be a(l). Suppose p = -j - c + 5, -c = -4*j + 3*c + 4. What is s(j)?
-3
Suppose -15*l = -23*l + 4024. Let z = l - 495. Let r(s) = -s**2 + 8*s - 12. Determine r(z).
-12
Let p = 15 + -6. Let b(j) = -p*j + 3*j + 2*j + j. Suppose -35*h = -34*h + 3. Calculate b(h).
9
Let z(s) = 4*s + 19. Suppose y + 5*j - 15 = 0, 36*y = 39*y + 3*j + 15. Give z(y).
-21
Let n be -1*2/(-2)*3. Let h(k) = -2 + 0 + n - 10*k + 9*k. Suppose -4*t - 1 = -9. Give h(t).
-1
Let i(w) be the second derivative of w**4/6 + 11*w**3/2 + 29*w**2/2 + 3692*w. Give i(-16).
13
Let o(l) = -3 + 524*l + 526*l + 6*l**2 - 1570*l + 527*l + 2*l**3 - 1. What is o(-2)?
-10
Let h(r) = r**3 - 3*r**2 - 12*r + 37. Let g be h(4). Suppose -g*w - 10 = -4*w. Let m(u) = -u**2 - 7*u + 14. What is m(w)?
-16
Suppose 0 = -k + 10*k + 9. Let h(b) = -6*b**3 - 14*b**2 - 2. Let u(p) = p**3 + 2*p**2 + 1. Let g(l) = k*h(l) - 5*u(l). Determine g(-3).
6
Suppose u + 0 = -3. Let y(r) = r**2 + r - 4. Let l be y(u). Let g(d) = 2*d + 2*d + l*d + 0*d. Determine g(-1).
-6
Let p(w) be the first derivative of 19*w**2/2 + 12*w + 8305. Give p(-6).
-102
Suppose i + 0 = 3. Suppose 23 = 5*j - g, -2*j + i*g = -3 - 1. Suppose 5*y - 5 = 3*t + t, -2*t = -j*y + 5. Let c(l) = -l**3 + l**2 - l. Calculate c(y).
-1
Let h(x) be the second derivative of -x**4/6 + 2*x**3/3 - 4*x**2 - 886*x. What is h(3)?
-14
Let h(d) be the third derivative of 3 + 0*d + 1/2*d**3 + 1/24*d**4 + 2*d**2. Calculate h(3).
6
Let k(o) = -4*o**2 + 33*o + 5. Let w(c) = 5*c**2 - 34*c - 5. Let z(a) = 6*k(a) + 5*w(a). Let n be z(-28). Let b(l) = -l**3 + 4*l**2 + 5*l + 4. Give b(n).
4
Let m be 3 + 5/(-1) + -6. Let u(l) = l**2 - 6*l + 47. Let r(t) = -4*t + 7. Let a(s) = 4*r(s) - u(s). Calculate a(m).
-3
Suppose 9*f - 3542 = -2*f. Let r = f + -323. Let x(h) = -3*h - 2. Calculate x(r).
1
Suppose 10*a + 1728 = 1768. Let k(x) = -7*x**2 + 9. Give k(a).
-103
Let d(i) be the third derivative of -i**4/8 + i**3/3 - 1319*i**2. What is d(-6)?
20
Suppose -l + 5*s = -4, 5*l + 192 - 212 = -2*s. Let w(v) = -v**2 + 3*v + 7. What is w(l)?
3
Let t = -2 + 7. Let k(l) = l**3 - l**3 + l + 6 + 0*l**3 - t*l**2 + l**3. Suppose -3794*f - 60 = -3806*f. Calculate k(f).
11
Let c(d) be the second derivative of -16*d**2 + 0 + 1/12*d**4 - 6*d + 1/60*d**5 - 4/3*d**3. Let a(k) be the first derivative of c(k).